{"id":136,"date":"2018-05-25T21:59:25","date_gmt":"2018-05-25T21:59:25","guid":{"rendered":"http:\/\/www.jazzdevils.de\/?page_id=136"},"modified":"2024-03-04T12:00:26","modified_gmt":"2024-03-04T12:00:26","slug":"events","status":"publish","type":"page","link":"https:\/\/www.jazzdevils.de\/?page_id=136","title":{"rendered":"Events"},"content":{"rendered":"<div id=\"pl-136\"  class=\"panel-layout\" ><div id=\"pg-136-0\"  class=\"panel-grid panel-has-style\" ><div class=\"panel-row-style panel-row-style-for-136-0\" ><div id=\"pgc-136-0-0\"  class=\"panel-grid-cell\" ><div id=\"panel-136-0-0-0\" class=\"so-panel widget widget_sow-editor panel-first-child panel-last-child\" data-index=\"0\" ><div class=\"so-widget-sow-editor so-widget-sow-editor-base\">\n<div class=\"siteorigin-widget-tinymce textwidget\">\n\t<h4 data-testid=\"event-permalink-event-name\">Tanzt, tanzt sonst sind wir verloren!<\/h4>\n<p>F\u00fcnf Jahre. Fast f\u00fcnf Jahre war es her, dass wir mit unserem letzten B\u00fchnenprojekt auf der B\u00fchne standen.<\/p>\n<p>Kurz vor der weltweiten Ausbreitung des Coronavirus' hatten wir unser neues Kindertanzprojekt so gut wie fertig und waren bereit, damit wieder auf die B\u00fchne zu gehen - doch dann kam alles anders.<\/p>\n<p>Der Lockdown und die damit einhergehenden Kontaktverbote haben uns einen gewaltigen Strich durch die Rechnung gemacht.<br \/>\nDoch wir haben nicht aufgegeben und sind zur\u00fcck!<\/p>\n<p><strong>Am Samstag, 13. Mai 2023<\/strong>\u00a0standen wir endlich wieder <strong>in der Mehrzweckhalle in Troisdorf-Bergheim<\/strong> mit allen (Kinder-)Tanzgruppen auf der B\u00fchne. Unter dem Motto \"Tanzt, tanzt sonst sind wir verloren!\" (inspiriert bei der gro\u00dfartigen T\u00e4nzerin Pina Bausch) pr\u00e4sentierten wir unter anderem eine abgewandelte Version unseres urspr\u00fcnglich geplanten Kindertanztheaters. Zudem zeigten wir neue, w\u00e4hrend der Corona-Zeit entstandene Choreografien.<\/p>\n<p>Impressionen des Abends finden Sie auf unserer Seite \"Bilder &amp; Videos\". Die Hintergrundgeschichte des B\u00fchnenabends lesen Sie in unserer Historie nach.<\/p>\n<h4 data-testid=\"event-permalink-event-name\"><\/h4>\n<h4 id=\"seo_h1_tag\" class=\"_5gmx\" data-testid=\"event-permalink-event-name\"><img loading=\"lazy\" class=\"size-full wp-image-294 aligncenter\" src=\"https:\/\/i1.wp.com\/www.jazzdevils.de\/wp-content\/uploads\/2018\/05\/22730163.jpg?resize=851%2C315\" alt=\"\" width=\"851\" height=\"315\" srcset=\"https:\/\/i1.wp.com\/www.jazzdevils.de\/wp-content\/uploads\/2018\/05\/22730163.jpg?w=851&amp;ssl=1 851w, https:\/\/i1.wp.com\/www.jazzdevils.de\/wp-content\/uploads\/2018\/05\/22730163.jpg?resize=300%2C111&amp;ssl=1 300w, https:\/\/i1.wp.com\/www.jazzdevils.de\/wp-content\/uploads\/2018\/05\/22730163.jpg?resize=768%2C284&amp;ssl=1 768w, https:\/\/i1.wp.com\/www.jazzdevils.de\/wp-content\/uploads\/2018\/05\/22730163.jpg?resize=720%2C267&amp;ssl=1 720w, https:\/\/i1.wp.com\/www.jazzdevils.de\/wp-content\/uploads\/2018\/05\/22730163.jpg?resize=820%2C304&amp;ssl=1 820w\" sizes=\"(max-width: 851px) 100vw, 851px\" data-recalc-dims=\"1\" \/><\/h4>\n<h3 class=\"_5gmx\" data-testid=\"event-permalink-event-name\">Begegnungen<\/h3>\n<p>Im Juni 2018 f\u00fchrten wir den B\u00fchnenabend \"Begegnungen\" auf. Begegnungen mit DIR, ja genau mit DIR!<\/p>\n<p>Am 9. Juni 2018 standen die Jazz Devils mit allen Gruppen in dem Projekt \u201eBegegnungen\u201c auf der B\u00fchne. Um 19.30 Uhr ging es los, um 19 Uhr \u00f6ffneten wir die Pforten. Der Eintritt war frei.<\/p>\n<p><a href=\"https:\/\/www.facebook.com\/permalink.php?story_fbid=1716090821802298&amp;id=143248502419879\">Hier<\/a> bekommt Ihr die ersten Eindr\u00fccke und Bilder.<\/p>\n<h4 id=\"seo_h1_tag\" class=\"_5gmx\" data-testid=\"event-permalink-event-name\"><img loading=\"lazy\" class=\" wp-image-338 aligncenter\" src=\"https:\/\/i1.wp.com\/www.jazzdevils.de\/wp-content\/uploads\/2018\/05\/Foto-08.05.18-18-33-12.jpg?resize=423%2C578\" alt=\"\" width=\"423\" height=\"578\" srcset=\"https:\/\/i1.wp.com\/www.jazzdevils.de\/wp-content\/uploads\/2018\/05\/Foto-08.05.18-18-33-12.jpg?w=640&amp;ssl=1 640w, https:\/\/i1.wp.com\/www.jazzdevils.de\/wp-content\/uploads\/2018\/05\/Foto-08.05.18-18-33-12.jpg?resize=220%2C300&amp;ssl=1 220w\" sizes=\"(max-width: 423px) 100vw, 423px\" data-recalc-dims=\"1\" \/><\/h4>\n<\/div>\n<\/div><\/div><\/div><\/div><\/div><\/div>","protected":false},"excerpt":{"rendered":"<p>Tanzt, tanzt sonst sind wir verloren! F\u00fcnf Jahre. Fast f\u00fcnf Jahre war es her, dass wir mit unserem letzten B\u00fchnenprojekt [&hellip;]<\/p>\n","protected":false},"author":1,"featured_media":190,"parent":0,"menu_order":0,"comment_status":"closed","ping_status":"closed","template":"","meta":{"spay_email":""},"jetpack_shortlink":"https:\/\/wp.me\/P9YAUd-2c","_links":{"self":[{"href":"https:\/\/www.jazzdevils.de\/index.php?rest_route=\/wp\/v2\/pages\/136"}],"collection":[{"href":"https:\/\/www.jazzdevils.de\/index.php?rest_route=\/wp\/v2\/pages"}],"about":[{"href":"https:\/\/www.jazzdevils.de\/index.php?rest_route=\/wp\/v2\/types\/page"}],"author":[{"embeddable":true,"href":"https:\/\/www.jazzdevils.de\/index.php?rest_route=\/wp\/v2\/users\/1"}],"replies":[{"embeddable":true,"href":"https:\/\/www.jazzdevils.de\/index.php?rest_route=%2Fwp%2Fv2%2Fcomments&post=136"}],"version-history":[{"count":20,"href":"https:\/\/www.jazzdevils.de\/index.php?rest_route=\/wp\/v2\/pages\/136\/revisions"}],"predecessor-version":[{"id":1094,"href":"https:\/\/www.jazzdevils.de\/index.php?rest_route=\/wp\/v2\/pages\/136\/revisions\/1094"}],"wp:featuredmedia":[{"embeddable":true,"href":"https:\/\/www.jazzdevils.de\/index.php?rest_route=\/wp\/v2\/media\/190"}],"wp:attachment":[{"href":"https:\/\/www.jazzdevils.de\/index.php?rest_route=%2Fwp%2Fv2%2Fmedia&parent=136"}],"curies":[{"name":"wp","href":"https:\/\/api.w.org\/{rel}","templated":true}]}}